s divided by s(q).
3
Suppose 0 = 12*f + 2194 - 8170. Calculate the remainder when f is divided by 130.
108
Suppose 15*y - 134 = 361. What is the remainder when 1449 is divided by y?
30
Suppose 5*i - 3*s + 35 = 0, -3*i - s - 41 = -6. Let u = i - -31. Let b = -18 + u. What is the remainder when b is divided by 1?
0
Suppose -5*k + 95 + 40 = 4*j, -2*j = 3*k - 67. Calculate the remainder when 99 is divided by j.
29
Let c = 103 + -50. Let n = 10 - 8. Suppose 21 = m - 2*g, -n*m + 2*g + 3*g = -39. Calculate the remainder when c is divided by m.
26
Let w = 626 + -387. Let z(r) = r**2 - 11*r - 31. Calculate the remainder when w is divided by z(14).
8
Let w(h) = 3*h + 13. Let f be w(-5). Calculate the remainder when 45 is divided by (-48)/9*-3*f/(-4).
5
Suppose -i + 6*i = 315. Let m(u) = -9*u - 65. Let d(q) = 14*q + 97. Let k(n) = -5*d(n) - 8*m(n). Calculate the remainder when i is divided by k(-9).
12
Let p = 0 + -18. Let z be 0*(p/(-8) + -2). Suppose -g - 2*v - 2*v + 17 = z, 3*v + 85 = 5*g. Calculate the remainder when g is divided by 6.
5
Let m = 16 - 10. Let j = -58 + 56. Calculate the remainder when (-1)/(-1) + j + 22/1 is divided by m.
3
Let x = 240 - 229. Suppose 2*a + 37 = 97. What is the remainder when a is divided by x?
8
Let h(g) = -g**3 + 3*g**3 + 13*g - 3*g**3 + 8 - 26 + 10*g**2. Suppose -5*i - 4*c = -57, 5*c + 34 = 5*i + 4. Calculate the remainder when i is divided by h(11).
1
Let v(g) = g - 9. Let k be v(14). Suppose 5*o = 90 - 35. Calculate the remainder when o is divided by -9*(-2 + k/3).
2
Let a be (-4)/(-6) + 5/(45/1389). Suppose -c - 3 = 0, 2*j - 7 = 4*c + a. What is the remainder when j is divided by 26?
23
Let c(r) = 3*r - 1. Let w be c(-1). Let d = w + 6. Suppose d*z = -0*z + 64. What is the remainder when z is divided by 17?
15
Let k(b) = 62*b**3 - 2*b + 2. Calculate the remainder when 141 is divided by k(1).
17
Let n(g) = -g**3 + 5*g + 98. What is the remainder when n(0) is divided by 34?
30
Let a(p) = 20*p + 1. Let w be a(1). Suppose -w = -g + 5. Suppose -v + 9 = v - 3*y, 0 = v - 2*y - 3. Calculate the remainder when g is divided by v.
8
Let z(k) = k**2 - 7*k - 1. What is the remainder when ((-1722)/28)/(((-15)/4)/5) is divided by z(9)?
14
Let m = -15 + 21. Let n be m/(-10) - (-184)/40. Suppose n*o - 47 = 169. What is the remainder when o is divided by 14?
12
Let t be (140/(-5) - -5) + 2. What is the remainder when -3 + t/(-35) + (-617)/(-5) is divided by 31?
28
Let n(u) = 2*u**2 + 22*u - 5. Let s(a) = a**2 - 4*a + 5. Calculate the remainder when n(-12) is divided by s(4).
4
Suppose -5*k + 5*t - 17 + 1082 = 0, 3*t - 1025 = -5*k. What is the remainder when k is divided by 15?
13
Let n(g) = 2*g**2 - 12*g - 7. Let y be n(7). Suppose y*q - 252 = q. What is the remainder when 75 is divided by q - (-1)/2*-6?
36
Let s(z) be the second derivative of z**4/2 - z**3/6 - 4*z**2 + 7*z + 4. What is the remainder when 95 is divided by s(-3)?
46
What is the remainder when (30 + -31)/(1/(-302)) is divided by 19?
17
Let q = -25 + 18. Calculate the remainder when -3*q/(-42) - (-93)/2 is divided by 16.
14
Let d be (2/(-5))/((-1)/(-5)). Let s = 0 - d. Suppose s*w - 28 = -2*w. Calculate the remainder when 13 is divided by w.
6
Let q(y) = -4*y + 22. Let l be q(5). Suppose l*a = 10*a - 200. What is the remainder when a is divided by 9?
7
Suppose 11*m + 12773 = 64*m. What is the remainder when m is divided by 16?
1
Let g(b) = b**3 - 18*b**2 + 34*b + 8. What is the remainder when 397 is divided by g(16)?
37
Let t = -15 + 26. What is the remainder when (-110)/(-33)*150/10 is divided by t?
6
Let f = -20 + 225. Let p(j) = j**3 - 2*j**2 - 7*j + 12. Calculate the remainder when f is divided by p(5).
49
Let v = -814 + 840. What is the remainder when 363 is divided by v?
25
Let a(l) = l**3 + l**2 - 8. Let s be a(4). Suppose -4*b = -0*b - s. What is the remainder when 62 is divided by b?
8
Suppose 5*j + g + 0*g - 144 = 0, 0 = -5*j + g + 136. What is the remainder when j is divided by 24?
4
Let t(n) = 5*n**2 - 15*n + 14. Let i(h) = 5*h**2 + 4*h + 2. Calculate the remainder when i(-2) is divided by t(1).
2
Let u(n) = n**3 - 11*n**2 + 19*n - 16. What is the remainder when u(11) is divided by 13?
11
Suppose 5*k = 5*c + 60, 4*k - k + c - 40 = 0. Let j = 30 - 15. Let z = j + -7. What is the remainder when k is divided by z?
5
Suppose 3*j - 5 = 8*j, -3*b + 5*j = -32. Suppose -2*f = c - 0*f - 72, 5*c = f + 393. Calculate the remainder when c is divided by b.
6
Let v(k) = 6*k**3 - 24*k**2 - 7*k + 32. What is the remainder when 4/(-6) - 400/(-15) is divided by v(4)?
2
Calculate the remainder when (-98)/7*((-32)/(-28) - 2) is divided by 2.
0
Let i(h) = -15*h**2 - h. Let m be i(-1). Let y = m + 25. Suppose 23*v - 224 = 16*v. Calculate the remainder when v is divided by y.
10
Suppose -5*c = -c. Suppose -144 = -5*v + 3*p, -3*v - 2*p = -c*v - 75. Calculate the remainder when v is divided by (16/(-20))/(2/(-35)).
13
Let y(s) = 9*s - 20. Let n be y(4). Calculate the remainder when (n - 20)*(-122)/8 is divided by 9.
7
Let q be (-146)/8 - (-2)/8. Let z = q - -21. Suppose 40 = 2*x + 3*x - z*g, -3*x + 13 = -4*g. What is the remainder when 41 is divided by x?
8
Suppose -4*t - 416 - 160 = 0. Calculate the remainder when 19 is divided by t/64*(-8)/3.
1
Suppose -156 = 4*p - 4*l, -7*p = -2*p - 4*l + 192. Let m = -2 - p. What is the remainder when m is divided by 7?
6
Let m = 36 + -30. Suppose -5*j = -2*d - 8, j = 4*d + m*j + 16. What is the remainder when d/(-6) - 86/(-6) is divided by 4?
3
Let y(h) = -40*h + 5. Let c(q) = 119*q - 14. Let d(i) = 4*c(i) + 11*y(i). Calculate the remainder when d(1) is divided by 10.
5
Suppose -3*a - 2*a + 3*o = -86, 5*o + 42 = 3*a. Suppose -12*c + 77 + a = 0. Calculate the remainder when 1/(-3) - (-70)/3 is divided by c.
7
Let l(o) be the first derivative of -o**4/4 + 7*o**3/3 - 2*o**2 - 6*o - 9. Calculate the remainder when l(5) is divided by 13.
11
What is the remainder when 163 is divided by 16 + -11 + 14 + 2?
16
Let f = -2 - -2. Suppose f = 4*j - 11 - 37. Calculate the remainder when 20 is divided by j.
8
Suppose 2*w = -4*p + p + 126, 3*w = 3*p - 111. Let o = p - 26. What is the remainder when 66 is divided by o?
10
Let i = 809 - 668. What is the remainder when 267 is divided by i?
126
Let f(w) = -w**2 + 3*w - 6. Let h(u) = 3*u**2 - 13*u + 25. Let d(c) = -9*f(c) - 2*h(c). What is the remainder when d(-4) is divided by 29?
27
Let l = 1201 + -1142. Let d = -6 + 9. Suppose d*j - 36 = 9. Calculate the remainder when l is divided by j.
14
Let s = -34 - -168. Let a(k) = -9*k - 14. What is the remainder when a(-11) is divided by (-1)/(s/(-44) - -3)?
19
Suppose -2*r + 5*r = 30. Suppose 2*n = -2*n + 300. Let s = -37 + n. Calculate the remainder when s is divided by r.
8
Suppose -5*c = -k, -3*k - 4*c + 67 - 10 = 0. Let l = k + -13. Calculate the remainder when l is divided by 2.
0
Suppose 2*u = 5*u. Suppose u = 2*h - 4*h + 12. Suppose 4*d = -12, -j - 4*d = -d - 8. What is the remainder when j is divided by h?
5
Let a = 415 - 262. Calculate the remainder when a is divided by 39.
36
Let k = 751 + -716. What is the remainder when k is divided by 16?
3
Let r(p) be the third derivative of -p**4/3 + 7*p**3/6 + 8*p**2. What is the remainder when 122 is divided by r(-3)?
29
Calculate the remainder when 57 + 8 + -4 - 6 is divided by 20.
15
Suppose 3*h - 5*x = 98, 2*h - 2*x = 28 + 32. What is the remainder when 259 is divided by h?
25
Let v(l) = 3*l**3 + 8*l**2 + 4*l + 2. Let i be v(-5). Let x = -98 - i. Calculate the remainder when x is divided by 24.
23
Suppose 2*g - 62 = -3*p, -3*p + 8*p - 94 = -g. Calculate the remainder when 86 is divided by p.
14
Suppose 0 = y - 1 - 3. Let r(v) = -v**3 + 6*v**2 + v + 5. Calculate the remainder when r(y) is divided by 21.
20
Calculate the remainder when 235 is divided by ((-3)/7)/(-3) - 1984/(-28).
22
Let p(u) = -u**2 - 14*u + 24. Let z be (42/28)/(1/(-10)). What is the remainder when 17 is divided by p(z)?
8
What is the remainder when 54 is divided by 21/14*-4 + 21?
9
Calculate the remainder when (5250/(-9))/(-5) - (-20)/(-30) is divided by 41.
34
Let m be (-1)/1 - 2*3/(-2). Suppose -r = -3, -m*c + r + 33 = -50. What is the remainder when c is divided by 15?
13
Suppose 0 = 24*c - 55*c + 868. Calculate the remainder when 165 is 